7 a prime number?
False
Is 368189891 composite?
True
Is 1636697885 a composite number?
True
Is 1638311 a composite number?
False
Is 945433 prime?
False
Is 124833809 prime?
True
Is 504929 a prime number?
True
Is 2781731 a prime number?
True
Is 6154079 prime?
False
Is 1959757 prime?
False
Is 8157355 a composite number?
True
Is 3587923 prime?
True
Is 14469547 a prime number?
False
Is 12327389 composite?
True
Is 913020729 a composite number?
True
Is 2871217 prime?
False
Is 68387 composite?
True
Is 3924409 a prime number?
True
Is 1338941 a prime number?
True
Is 16916239 composite?
False
Is 40929623 prime?
False
Is 261816511 a composite number?
True
Is 2321369 a prime number?
True
Is 12855187 a composite number?
False
Is 12043491 a prime number?
False
Is 6039659 composite?
False
Is 244367 prime?
True
Is 3990127 prime?
True
Is 16853303 a prime number?
False
Is 31356817 composite?
False
Is 24894509 prime?
True
Is 498391 composite?
False
Is 1138483 composite?
False
Is 17628001 a composite number?
True
Is 61494143 a prime number?
True
Is 17609711 composite?
True
Is 121591381 a prime number?
False
Is 1106311 prime?
True
Is 327353779 a prime number?
False
Is 126250711 composite?
True
Is 194769215 prime?
False
Is 17997527 prime?
True
Is 106805317 composite?
False
Is 9459389 composite?
False
Is 235368753 prime?
False
Is 128378113 composite?
False
Is 22247131 a composite number?
True
Is 305676281 composite?
True
Is 19064393 composite?
True
Is 40098439 composite?
False
Is 4661429 a composite number?
False
Is 36243719 a composite number?
False
Is 26775269 a composite number?
False
Is 498197 prime?
False
Is 52007887 prime?
False
Is 20518287 prime?
False
Is 3798139 composite?
True
Is 6484207 composite?
False
Is 13227397 a prime number?
True
Is 6799241 prime?
False
Is 1568927 composite?
False
Is 710984083 a prime number?
False
Is 438091 composite?
False
Is 1096671 a composite number?
True
Is 108562361 composite?
False
Is 6748931 a composite number?
True
Is 8710807 composite?
True
Is 4144703 a prime number?
False
Is 7810411 a prime number?
False
Is 171768511 composite?
False
Is 1144823 composite?
False
Is 8352921 a composite number?
True
Is 28182227 a prime number?
False
Is 1038010795 a composite number?
True
Is 441407 prime?
False
Is 125743179 prime?
False
Is 134438441 prime?
True
Is 20984563 a composite number?
True
Is 14679601 a composite number?
False
Is 1280251267 prime?
True
Is 73902097 prime?
True
Is 25084567 a composite number?
False
Is 1681213 a composite number?
True
Is 1041035 composite?
True
Is 9370067 prime?
False
Is 145796851 composite?
False
Is 3700729 a composite number?
True
Is 116468893 composite?
False
Is 23077991 a prime number?
True
Is 183368291 prime?
False
Is 12098623 composite?
False
Is 4133581 a composite number?
False
Is 8601389 composite?
False
Is 6098423 prime?
False
Is 4974419 composite?
True
Is 12384443 composite?
False
Is 17467817 prime?
True
Is 46774907 a composite number?
True
Is 411883 composite?
False
Is 334767007 a composite number?
False
Is 252691793 a composite number?
False
Is 4653289 prime?
False
Is 34804747 composite?
False
Is 254369 a prime number?
True
Is 6376471 a prime number?
True
Is 1737221 a composite number?
False
Is 22266947 a composite number?
False
Is 5386961 composite?
False
Is 407924717 a composite number?
False
Is 4107566 a composite number?
True
Is 8755697 a composite number?
True
Is 54047859 composite?
True
Is 7376917 composite?
False
Is 4125673 a composite number?
False
Is 18440111 prime?
True
Is 87846263 a composite number?
True
Is 221257 composite?
True
Is 4456519 a composite number?
True
Is 1972417 composite?
False
Is 33760873 a composite number?
False
Is 48024719 a composite number?
False
Is 893093 composite?
False
Is 65679569 a prime number?
True
Is 53406409 a prime number?
False
Is 57344801 composite?
False
Is 13554829 composite?
False
Is 30839999 a prime number?
True
Is 481807297 composite?
True
Is 226625989 prime?
True
Is 993754867 composite?
True
Is 169205654 prime?
False
Is 20328493 a composite number?
True
Is 128099 composite?
False
Is 925058 a prime number?
False
Is 156839765 composite?
True
Is 155552807 a composite number?
True
Is 10894369 composite?
True
Is 7774141 a composite number?
False
Is 21345277 prime?
True
Is 1148587 a prime number?
False
Is 86420311 a prime number?
True
Is 1101341 prime?
True
Is 7611653 a prime number?
False
Is 3851593 prime?
True
Is 7660057 prime?
True
Is 23807011 a composite number?
False
Is 953827279 a composite number?
True
Is 1103302 composite?
True
Is 341468713 a composite number?
False
Is 13977581 a composite number?
False
Is 36298831 prime?
False
Is 50977603 composite?
True
Is 14137043 composite?
True
Is 35153419 a composite number?
True
Is 30851257 composite?
True
Is 182940929 composite?
False
Is 10718363 composite?
True
Is 18514085 composite?
True
Is 56198095 composite?
True
Is 2389859 a prime number?
True
Is 24257699 prime?
False
Is 634001 composite?
True
Is 295351687 prime?
False
Is 43460821 a prime number?
False
Is 12330119 composite?
True
Is 2916611 prime?
True
Is 92593421 composite?
False
Is 3538615 a prime number?
False
Is 40257047 a prime number?
False
Is 1766441 composite?
False
Is 54645137 a composite number?
False
Is 187687 a prime number?
True
Is 41168233 prime?
True
Is 7993667 a prime number?
False
Is 39836263 prime?
True
Is 15938733 a prime number?
False
Is 152732779 a composite number?
True
Is 200827591 a composite number?
False
Is 23057953 prime?
False
Is 9023041 composite?
True
Is 51712207 a prime number?
True
Is 2940398 prime?
False
Is 47855557 composite?
False
Is 1206841 a prime number?
True
Is 1948021 a prime number?
True
Is 77623813 a composite number?
False
Is 2997499 a prime number?
True
Is 49867 a prime number?
False
Is 3612913 a composite number?
True
Is 107200397 prime?
False
Is 517862009 a prime number?
False
Is 89537647 a composite number?
False
Is 3142259 composite?
False
Is 9951167 composite?
False
Is 394467 prime?
False
Is 158243759 composite?
True
Is 7304953 a composite number?
True
Is 4659017 prime?
False
Is 96240619 a prime number?
True
Is 9112199 a prime number?
False
Is 40573877 prime?
False
Is 25287287 prime?
True
Is 221353417 prime?
False
Is 48555763 a prime number?
True
Is 7385795 prime?
False
Is 145977023 prime?
True
Is 59101397 prime?
True
Is 53441 composite?
False
Is 275813 prime?
True
Is 14752007 composite?
False
Is 1253929 a composite number?
True
Is 22098239 a composite number?
True
Is 192468173 a composite number?
True
Is 5109178 prime?
False
Is 4030207 a prime number?
False
Is 246167 prime?
True
Is 1368013 a prime number?
True
Is 21329911 a prime number?
True
Is 4495801 a prime number?
True
Is 694079 prime?
True
Is 978773 a prime number?
True
Is 8914079 a composite number?
False
Is 1158893 a prime number?
False
Is 31153907 a composite number?
True
Is 876465467 prime?
True
Is 17801779 a prime number?
True
Is 223597 a prime number?
False
Is 450241789 a prime number?
False
Is 104128301 a prime number?
True
Is 218365909 a prime number?
False
Is 206905357 prime?
False
Is 6619573 prime?
False
Is 120240907 prime?
True
Is 50679827 composite?
True
Is 6967451 a composite number?
False
Is 13137167 prime?
True
Is 13479031 prime?
True
Is 146913977 prime?
False
Is 758407357 composite?
False
Is 45875789 prime?
True
Is 1034129 prime?
False
Is 12303365 a composite number?
True
Is 8508673 composite?
True
Is 16433141 prime?
True
Is 3076921 composite?
False
Is 4236013 a composite number?
True
Is 3678949 a prime number?
True
Is 301067645 composite?
True
Is 341469211 composite?
False
Is 16222787 a prime number?
False
Is 9544719 prime?
False
Is 297714139 composite?
True
Is 2537897 a prime number?
True
Is 3799547 composite?
False
Is 50537147 prime?
True
Is 57639653 a composite number?
False
Is 1642403 prime?
False
Is 142765043 a composite number?
False
Is 40181 a composite number?
True
Is 10427857 composite?
True
Is 23555153 prime?
False
Is 1470347 a prime number?
False
Is 14483087 a prime number?
False
Is 418843101 prime?
False
Is 314244719 a prime number?
False
Is 44034491 a composite number?
False
Is 68747219 a composite number?
False
Is 9165727 a composite number?
True
Is 18838337 a prime number?
False
Is 37882877 composite?
Fa